{"id":4268,"date":"2025-11-23T19:28:26","date_gmt":"2025-11-23T18:28:26","guid":{"rendered":"https:\/\/nabu-kaiserstuhl.de\/?post_type=tribe_events&#038;p=4268"},"modified":"2026-02-20T08:15:40","modified_gmt":"2026-02-20T07:15:40","slug":"jahreshauptversammlung-2025","status":"publish","type":"tribe_events","link":"https:\/\/nabu-kaiserstuhl.de\/index.php\/event\/jahreshauptversammlung-2025\/","title":{"rendered":"Jahreshauptversammlung"},"content":{"rendered":"<p><strong>Wann<\/strong>: Freitag, 20. M\u00e4rz 2026 ab 18 Uhr<\/p>\n<p><strong>Wo<\/strong>: Gasthaus R\u00f6ssle in Altvogtsburg<\/p>\n<p>&nbsp;<\/p>\n<p>Liebe Mitglieder des NABU Kaiserstuhl,<\/p>\n<p>am Freitag, den 20. M\u00e4rz 2026, ab 19:30 Uhr findet unsere diesj\u00e4hrige ordentliche Mitgliederversammlung im Gasthof R\u00f6ssle (Altvogtsburg 9, 79235 Vogtsburg) statt. Wir laden euch herzlich ein, sich bereits ab 18:00 Uhr bei einem gemeinsamen Abendessen (Selbstzahler) und Gespr\u00e4chen auf den Abend einzustimmen, bevor wir mit dem offiziellen Teil beginnen.<\/p>\n<p>Folgende Tagesordnung ist vorgesehen:<\/p>\n<p>1. Begr\u00fc\u00dfung durch die Vorstandssprecher*in<\/p>\n<p>2. Feststellung der ordnungsgem\u00e4\u00dfen Einberufung und Beschlussf\u00e4higkeit der Mitgliederversammlung<\/p>\n<p>3. T\u00e4tigkeitsbericht des Vorstands<\/p>\n<p>4. Kassenbericht f\u00fcr das abgelaufene Gesch\u00e4ftsjahr<\/p>\n<p>5. Entlastung des Vorstands<\/p>\n<p>6. Verschiedenes<\/p>\n<p>Gerne k\u00f6nnt ihr Antr\u00e4ge auf Erg\u00e4nzungen der Tagesordnung einbringen. Diese m\u00fcssen gem\u00e4\u00df Satzung sp\u00e4testens eine Woche vor Versammlungsbeginn schriftlich beim Vorstand eingereicht werden (\u00a7 9 Abs. 2 der Vereinssatzung).<\/p>\n<p>In den Jahresberichten werden wir euch\u00a0\u00fcber die Aktivit\u00e4ten des vergangenen Jahres informieren und einen Ausblick auf das Jahr 2026 geben. Im Anschluss freuen wir uns auf einem Vortrag von Engelbert Mayer \u00fcber die Entstehung unserer Streuobstwiese im Etlisbach.<\/p>\n<p>&nbsp;<\/p>\n<p>Wir freuen uns auf euch!<\/p>\n<p>&nbsp;<\/p>\n<p>Mit freundlichen Gr\u00fc\u00dfen<\/p>\n<p>Fabia Sp\u00f6rckmann, Manuel Schulz und Wolfram L\u00fchr<\/p>\n","protected":false},"excerpt":{"rendered":"<p>Wann: Freitag, 20. M\u00e4rz 2026 ab 18 Uhr Wo: Gasthaus R\u00f6ssle in Altvogtsburg &nbsp; Liebe Mitglieder des NABU Kaiserstuhl, am Freitag, den 20. M\u00e4rz 2026, ab 19:30 Uhr findet unsere&hellip;&nbsp;<a href=\"https:\/\/nabu-kaiserstuhl.de\/index.php\/event\/jahreshauptversammlung-2025\/\" rel=\"bookmark\">Weiterlesen&#8230;<span class=\"screen-reader-text\">Jahreshauptversammlung<\/span><\/a><\/p>\n","protected":false},"author":4,"featured_media":0,"template":"","meta":{"neve_meta_sidebar":"","neve_meta_container":"","neve_meta_enable_content_width":"","neve_meta_content_width":0,"neve_meta_title_alignment":"","neve_meta_author_avatar":"","neve_post_elements_order":"","neve_meta_disable_header":"","neve_meta_disable_footer":"","neve_meta_disable_title":"","neve_meta_reading_time":"","_themeisle_gutenberg_block_has_review":false,"_tribe_events_status":"","_tribe_events_status_reason":"","footnotes":""},"tags":[],"tribe_events_cat":[162,110],"class_list":["post-4268","tribe_events","type-tribe_events","status-publish","hentry","tribe_events_cat-jahreshauptversammlung","tribe_events_cat-versammlung","cat_jahreshauptversammlung","cat_versammlung"],"publishpress_future_workflow_manual_trigger":{"enabledWorkflows":[]},"_links":{"self":[{"href":"https:\/\/nabu-kaiserstuhl.de\/index.php\/wp-json\/wp\/v2\/tribe_events\/4268","targetHints":{"allow":["GET"]}}],"collection":[{"href":"https:\/\/nabu-kaiserstuhl.de\/index.php\/wp-json\/wp\/v2\/tribe_events"}],"about":[{"href":"https:\/\/nabu-kaiserstuhl.de\/index.php\/wp-json\/wp\/v2\/types\/tribe_events"}],"author":[{"embeddable":true,"href":"https:\/\/nabu-kaiserstuhl.de\/index.php\/wp-json\/wp\/v2\/users\/4"}],"version-history":[{"count":4,"href":"https:\/\/nabu-kaiserstuhl.de\/index.php\/wp-json\/wp\/v2\/tribe_events\/4268\/revisions"}],"predecessor-version":[{"id":4316,"href":"https:\/\/nabu-kaiserstuhl.de\/index.php\/wp-json\/wp\/v2\/tribe_events\/4268\/revisions\/4316"}],"wp:attachment":[{"href":"https:\/\/nabu-kaiserstuhl.de\/index.php\/wp-json\/wp\/v2\/media?parent=4268"}],"wp:term":[{"taxonomy":"post_tag","embeddable":true,"href":"https:\/\/nabu-kaiserstuhl.de\/index.php\/wp-json\/wp\/v2\/tags?post=4268"},{"taxonomy":"tribe_events_cat","embeddable":true,"href":"https:\/\/nabu-kaiserstuhl.de\/index.php\/wp-json\/wp\/v2\/tribe_events_cat?post=4268"}],"curies":[{"name":"wp","href":"https:\/\/api.w.org\/{rel}","templated":true}]}}

<p><strong>Wann</strong>: Freitag, 20. März 2026 ab 18 Uhr</p>
<p><strong>Wo</strong>: Gasthaus Rössle in Altvogtsburg</p>
<p>&nbsp;</p>
<p>Liebe Mitglieder des NABU Kaiserstuhl,</p>
<p>am Freitag, den 20. März 2026, ab 19:30 Uhr findet unsere diesjährige ordentliche Mitgliederversammlung im Gasthof Rössle (Altvogtsburg 9, 79235 Vogtsburg) statt. Wir laden euch herzlich ein, sich bereits ab 18:00 Uhr bei einem gemeinsamen Abendessen (Selbstzahler) und Gesprächen auf den Abend einzustimmen, bevor wir mit dem offiziellen Teil beginnen.</p>
<p>Folgende Tagesordnung ist vorgesehen:</p>
<p>1. Begrüßung durch die Vorstandssprecher*in</p>
<p>2. Feststellung der ordnungsgemäßen Einberufung und Beschlussfähigkeit der Mitgliederversammlung</p>
<p>3. Tätigkeitsbericht des Vorstands</p>
<p>4. Kassenbericht für das abgelaufene Geschäftsjahr</p>
<p>5. Entlastung des Vorstands</p>
<p>6. Verschiedenes</p>
<p>Gerne könnt ihr Anträge auf Ergänzungen der Tagesordnung einbringen. Diese müssen gemäß Satzung spätestens eine Woche vor Versammlungsbeginn schriftlich beim Vorstand eingereicht werden (§ 9 Abs. 2 der Vereinssatzung).</p>
<p>In den Jahresberichten werden wir euch über die Aktivitäten des vergangenen Jahres informieren und einen Ausblick auf das Jahr 2026 geben. Im Anschluss freuen wir uns auf einem Vortrag von Engelbert Mayer über die Entstehung unserer Streuobstwiese im Etlisbach.</p>
<p>&nbsp;</p>
<p>Wir freuen uns auf euch!</p>
<p>&nbsp;</p>
<p>Mit freundlichen Grüßen</p>
<p>Fabia Spörckmann, Manuel Schulz und Wolfram Lühr</p>

<p>Wann: Freitag, 20. März 2026 ab 18 Uhr Wo: Gasthaus Rössle in Altvogtsburg &nbsp; Liebe Mitglieder des NABU Kaiserstuhl, am Freitag, den 20. März 2026, ab 19:30 Uhr findet unsere&hellip;&nbsp;<a href="https://nabu-kaiserstuhl.de/index.php/event/jahreshauptversammlung-2025/" rel="bookmark">Weiterlesen&#8230;<span class="screen-reader-text">Jahreshauptversammlung</span></a></p>
