{"id":3478,"date":"2024-10-21T17:47:24","date_gmt":"2024-10-21T15:47:24","guid":{"rendered":"https:\/\/nabu-kaiserstuhl.de\/?post_type=tribe_events&#038;p=3478"},"modified":"2024-10-25T17:48:53","modified_gmt":"2024-10-25T15:48:53","slug":"naturschutz-in-zeiten-des-klimawandels","status":"publish","type":"tribe_events","link":"https:\/\/nabu-kaiserstuhl.de\/index.php\/event\/naturschutz-in-zeiten-des-klimawandels\/","title":{"rendered":"Naturschutz in Zeiten des Klimawandels"},"content":{"rendered":"<p><strong>Freitag, 25. Oktober 2024<\/strong><\/p>\n<p><strong>Naturschutz in Zeiten des Klimawandels<\/strong><\/p>\n<p>Der Klimawandel birgt Risiken, zugleich aber auch Chancen f\u00fcr Lebensr\u00e4ume. Die Aufgabe des Naturschutzes ist es, die Vernetzung von hochwertigen Lebensr\u00e4umen und deren Strukturvielfalt voranzutreiben, um Arten die M\u00f6glichkeit zu bieten bei Bedarf auszuweichen bzw. zu wandern. Ich nehme Sie mit auf eine Kurzreise durch die Lebensr\u00e4ume vom Kaiserstuhl bis zum Feldberg.<\/p>\n<p>Referent: <strong>Ruben Clemens, Regierungspr\u00e4sidium Freiburg, Referat 56, Naturschutz und Landschaftspflege.<\/strong><\/p>\n<p><strong>Beginn: 19.30 Uhr, Freiburg in der Universit\u00e4t 79098 Freiburg KG I, HS 1015,<\/strong> Eintritt frei, Spenden erbeten.<\/p>\n","protected":false},"excerpt":{"rendered":"<p>Freitag, 25. Oktober 2024 Naturschutz in Zeiten des Klimawandels Der Klimawandel birgt Risiken, zugleich aber auch Chancen f\u00fcr Lebensr\u00e4ume. Die Aufgabe des Naturschutzes ist es, die Vernetzung von hochwertigen Lebensr\u00e4umen&hellip;&nbsp;<a href=\"https:\/\/nabu-kaiserstuhl.de\/index.php\/event\/naturschutz-in-zeiten-des-klimawandels\/\" rel=\"bookmark\">Weiterlesen&#8230;<span class=\"screen-reader-text\">Naturschutz in Zeiten des Klimawandels<\/span><\/a><\/p>\n","protected":false},"author":4,"featured_media":0,"template":"","meta":{"neve_meta_sidebar":"","neve_meta_container":"","neve_meta_enable_content_width":"","neve_meta_content_width":0,"neve_meta_title_alignment":"","neve_meta_author_avatar":"","neve_post_elements_order":"","neve_meta_disable_header":"","neve_meta_disable_footer":"","neve_meta_disable_title":"","neve_meta_reading_time":"","_themeisle_gutenberg_block_has_review":false,"_tribe_events_status":"","_tribe_events_status_reason":"","footnotes":""},"tags":[],"tribe_events_cat":[],"class_list":["post-3478","tribe_events","type-tribe_events","status-publish","hentry"],"publishpress_future_workflow_manual_trigger":{"enabledWorkflows":[]},"_links":{"self":[{"href":"https:\/\/nabu-kaiserstuhl.de\/index.php\/wp-json\/wp\/v2\/tribe_events\/3478","targetHints":{"allow":["GET"]}}],"collection":[{"href":"https:\/\/nabu-kaiserstuhl.de\/index.php\/wp-json\/wp\/v2\/tribe_events"}],"about":[{"href":"https:\/\/nabu-kaiserstuhl.de\/index.php\/wp-json\/wp\/v2\/types\/tribe_events"}],"author":[{"embeddable":true,"href":"https:\/\/nabu-kaiserstuhl.de\/index.php\/wp-json\/wp\/v2\/users\/4"}],"version-history":[{"count":2,"href":"https:\/\/nabu-kaiserstuhl.de\/index.php\/wp-json\/wp\/v2\/tribe_events\/3478\/revisions"}],"predecessor-version":[{"id":3482,"href":"https:\/\/nabu-kaiserstuhl.de\/index.php\/wp-json\/wp\/v2\/tribe_events\/3478\/revisions\/3482"}],"wp:attachment":[{"href":"https:\/\/nabu-kaiserstuhl.de\/index.php\/wp-json\/wp\/v2\/media?parent=3478"}],"wp:term":[{"taxonomy":"post_tag","embeddable":true,"href":"https:\/\/nabu-kaiserstuhl.de\/index.php\/wp-json\/wp\/v2\/tags?post=3478"},{"taxonomy":"tribe_events_cat","embeddable":true,"href":"https:\/\/nabu-kaiserstuhl.de\/index.php\/wp-json\/wp\/v2\/tribe_events_cat?post=3478"}],"curies":[{"name":"wp","href":"https:\/\/api.w.org\/{rel}","templated":true}]}}

<p><strong>Freitag, 25. Oktober 2024</strong></p>
<p><strong>Naturschutz in Zeiten des Klimawandels</strong></p>
<p>Der Klimawandel birgt Risiken, zugleich aber auch Chancen für Lebensräume. Die Aufgabe des Naturschutzes ist es, die Vernetzung von hochwertigen Lebensräumen und deren Strukturvielfalt voranzutreiben, um Arten die Möglichkeit zu bieten bei Bedarf auszuweichen bzw. zu wandern. Ich nehme Sie mit auf eine Kurzreise durch die Lebensräume vom Kaiserstuhl bis zum Feldberg.</p>
<p>Referent: <strong>Ruben Clemens, Regierungspräsidium Freiburg, Referat 56, Naturschutz und Landschaftspflege.</strong></p>
<p><strong>Beginn: 19.30 Uhr, Freiburg in der Universität 79098 Freiburg KG I, HS 1015,</strong> Eintritt frei, Spenden erbeten.</p>

<p>Freitag, 25. Oktober 2024 Naturschutz in Zeiten des Klimawandels Der Klimawandel birgt Risiken, zugleich aber auch Chancen für Lebensräume. Die Aufgabe des Naturschutzes ist es, die Vernetzung von hochwertigen Lebensräumen&hellip;&nbsp;<a href="https://nabu-kaiserstuhl.de/index.php/event/naturschutz-in-zeiten-des-klimawandels/" rel="bookmark">Weiterlesen&#8230;<span class="screen-reader-text">Naturschutz in Zeiten des Klimawandels</span></a></p>
