{"id":1521,"date":"2022-11-18T20:03:38","date_gmt":"2022-11-18T19:03:38","guid":{"rendered":"https:\/\/nabu-kaiserstuhl.de\/?page_id=1521"},"modified":"2024-05-15T11:57:57","modified_gmt":"2024-05-15T09:57:57","slug":"archiv-schwalbenfreundliches-haus","status":"publish","type":"page","link":"https:\/\/nabu-kaiserstuhl.de\/index.php\/uber-uns\/projekte\/schwalbenfreundliches-haus\/archiv-schwalbenfreundliches-haus\/","title":{"rendered":"Archiv: Schwalbenfreundliches Haus"},"content":{"rendered":"\t\t<div data-elementor-type=\"wp-page\" data-elementor-id=\"1521\" class=\"elementor elementor-1521\">\n\t\t\t\t\t\t<section class=\"elementor-section elementor-top-section elementor-element elementor-element-2f7e0f5f elementor-section-boxed elementor-section-height-default elementor-section-height-default\" data-id=\"2f7e0f5f\" data-element_type=\"section\" data-e-type=\"section\">\n\t\t\t\t\t\t<div class=\"elementor-container elementor-column-gap-default\">\n\t\t\t\t\t<div class=\"elementor-column elementor-col-100 elementor-top-column elementor-element elementor-element-54b40205\" data-id=\"54b40205\" data-element_type=\"column\" data-e-type=\"column\">\n\t\t\t<div class=\"elementor-widget-wrap elementor-element-populated\">\n\t\t\t\t\t\t<div class=\"elementor-element elementor-element-8e9762e elementor-widget elementor-widget-text-editor\" data-id=\"8e9762e\" data-element_type=\"widget\" data-e-type=\"widget\" data-widget_type=\"text-editor.default\">\n\t\t\t\t<div class=\"elementor-widget-container\">\n\t\t\t\t\t\t\t\t\t\n<div id=\"wp-block-themeisle-blocks-advanced-columns-a7004b6e\" class=\"wp-block-themeisle-blocks-advanced-columns has-0-columns has-desktop-equal-layout has-tablet-equal-layout has-mobile-equal-layout has-vertical-unset\"><div class=\"wp-block-themeisle-blocks-advanced-columns-overlay\"><\/div><div class=\"innerblocks-wrap\"><\/div><\/div>\n\t\t\t\t\t\t\t\t<\/div>\n\t\t\t\t<\/div>\n\t\t\t\t\t<\/div>\n\t\t<\/div>\n\t\t\t\t\t<\/div>\n\t\t<\/section>\n\t\t\t\t<section class=\"elementor-section elementor-top-section elementor-element elementor-element-afb603e elementor-section-boxed elementor-section-height-default elementor-section-height-default\" data-id=\"afb603e\" data-element_type=\"section\" data-e-type=\"section\">\n\t\t\t\t\t\t<div class=\"elementor-container elementor-column-gap-default\">\n\t\t\t\t\t<div class=\"elementor-column elementor-col-100 elementor-top-column elementor-element elementor-element-eec6953\" data-id=\"eec6953\" data-element_type=\"column\" data-e-type=\"column\">\n\t\t\t<div class=\"elementor-widget-wrap elementor-element-populated\">\n\t\t\t\t\t\t<div class=\"elementor-element elementor-element-d9fca0c elementor-widget elementor-widget-obfx-posts-grid\" data-id=\"d9fca0c\" data-element_type=\"widget\" data-e-type=\"widget\" data-widget_type=\"obfx-posts-grid.default\">\n\t\t\t\t<div class=\"elementor-widget-container\">\n\t\t\t\t\t<div class=\"obfx-grid\"><div class=\"obfx-grid-container obfx-grid-style-list obfx-grid-desktop-2\"><div class=\"obfx-grid-wrapper\"><article class=\"obfx-grid-col\"><div class=\"obfx-grid-col-image\" style=\"align-self:center\"><a href=\"https:\/\/nabu-kaiserstuhl.de\/index.php\/schwalbenplakette-fuer-silke-magiera-boetzingen\/\" title=\"Schwalbenplakette f\u00fcr Silke Magiera\"><img data-opt-id=106774912  fetchpriority=\"high\" decoding=\"async\" width=\"700\" height=\"700\" src=\"https:\/\/mlm4qj7rb3bu.i.optimole.com\/w:auto\/h:auto\/q:80\/f:best\/https:\/\/nabu-kaiserstuhl.de\/wp-content\/uploads\/2023\/05\/plakette_schwalbenfreundliches_haus_1.webp\" class=\"img-responsive wp-post-image\" alt=\"plakette_schwalbenfreundliches_haus_1\" srcset=\"https:\/\/mlm4qj7rb3bu.i.optimole.com\/w:700\/h:700\/q:80\/f:best\/https:\/\/nabu-kaiserstuhl.de\/wp-content\/uploads\/2023\/05\/plakette_schwalbenfreundliches_haus_1.webp 700w, https:\/\/mlm4qj7rb3bu.i.optimole.com\/w:300\/h:300\/q:80\/f:best\/https:\/\/nabu-kaiserstuhl.de\/wp-content\/uploads\/2023\/05\/plakette_schwalbenfreundliches_haus_1.webp 300w, https:\/\/mlm4qj7rb3bu.i.optimole.com\/w:150\/h:150\/q:80\/f:best\/https:\/\/nabu-kaiserstuhl.de\/wp-content\/uploads\/2023\/05\/plakette_schwalbenfreundliches_haus_1.webp 150w, https:\/\/mlm4qj7rb3bu.i.optimole.com\/w:700\/h:700\/q:80\/f:best\/dpr:2\/https:\/\/nabu-kaiserstuhl.de\/wp-content\/uploads\/2023\/05\/plakette_schwalbenfreundliches_haus_1.webp 2x\" sizes=\"(max-width: 700px) 100vw, 700px\" \/><\/a><\/div><div class=\"obfx-grid-col-content\">\t\t\t<h2 class=\"entry-title obfx-grid-title\">\n\t\t\t\t\t\t\t<a href=\"https:\/\/nabu-kaiserstuhl.de\/index.php\/schwalbenplakette-fuer-silke-magiera-boetzingen\/\" title=\"Schwalbenplakette f\u00fcr Silke Magiera\">\n\t\t\t\t\tSchwalbenplakette f\u00fcr Silke Magiera\t\t\t\t<\/a>\n\t\t\t\t\t\t\t<\/h2>\n\t\t\t\t\t\t<div class=\"entry-content obfx-grid-content\">\n\t\t\t\tAm Rande eines Neubaugebietes der 2010er Jahre haben Mehlschwalben ein neues Zuhause bei der Familie von Silke Magiera in B\u00f6tzingen gefunden.\t\t\t<\/div>\n\t\t\t<div class=\"obfx-grid-footer\"><a href=\"https:\/\/nabu-kaiserstuhl.de\/index.php\/schwalbenplakette-fuer-silke-magiera-boetzingen\/\" title=\"weiterlesen...\">weiterlesen...<\/a><\/div><\/div><\/article><\/div><div class=\"obfx-grid-wrapper\"><article class=\"obfx-grid-col\"><div class=\"obfx-grid-col-image\" style=\"align-self:center\"><a href=\"https:\/\/nabu-kaiserstuhl.de\/index.php\/schwalbenplakette-john\/\" title=\"Schwalbenplakette f\u00fcr Familie John\"><img data-opt-id=106774912  fetchpriority=\"high\" decoding=\"async\" width=\"700\" height=\"700\" src=\"https:\/\/mlm4qj7rb3bu.i.optimole.com\/w:auto\/h:auto\/q:80\/f:best\/https:\/\/nabu-kaiserstuhl.de\/wp-content\/uploads\/2023\/05\/plakette_schwalbenfreundliches_haus_1.webp\" class=\"img-responsive wp-post-image\" alt=\"plakette_schwalbenfreundliches_haus_1\" srcset=\"https:\/\/mlm4qj7rb3bu.i.optimole.com\/w:700\/h:700\/q:80\/f:best\/https:\/\/nabu-kaiserstuhl.de\/wp-content\/uploads\/2023\/05\/plakette_schwalbenfreundliches_haus_1.webp 700w, https:\/\/mlm4qj7rb3bu.i.optimole.com\/w:300\/h:300\/q:80\/f:best\/https:\/\/nabu-kaiserstuhl.de\/wp-content\/uploads\/2023\/05\/plakette_schwalbenfreundliches_haus_1.webp 300w, https:\/\/mlm4qj7rb3bu.i.optimole.com\/w:150\/h:150\/q:80\/f:best\/https:\/\/nabu-kaiserstuhl.de\/wp-content\/uploads\/2023\/05\/plakette_schwalbenfreundliches_haus_1.webp 150w, https:\/\/mlm4qj7rb3bu.i.optimole.com\/w:700\/h:700\/q:80\/f:best\/dpr:2\/https:\/\/nabu-kaiserstuhl.de\/wp-content\/uploads\/2023\/05\/plakette_schwalbenfreundliches_haus_1.webp 2x\" sizes=\"(max-width: 700px) 100vw, 700px\" \/><\/a><\/div><div class=\"obfx-grid-col-content\">\t\t\t<h2 class=\"entry-title obfx-grid-title\">\n\t\t\t\t\t\t\t<a href=\"https:\/\/nabu-kaiserstuhl.de\/index.php\/schwalbenplakette-john\/\" title=\"Schwalbenplakette f\u00fcr Familie John\">\n\t\t\t\t\tSchwalbenplakette f\u00fcr Familie John\t\t\t\t<\/a>\n\t\t\t\t\t\t\t<\/h2>\n\t\t\t\t\t\t<div class=\"entry-content obfx-grid-content\">\n\t\t\t\tSchwalbenplakette f\u00fcr Familie John aus Burkheim Im Hof von Katharina und Reinhold John in Burkheim sind Rauchschwalben willkommen und haben schon seit vielen Jahren ihr Zuhause \u00fcber die Brutzeit. F\u00fcr&hellip;&nbsp;Weiterlesen...Schwalbenplakette&hellip;\t\t\t<\/div>\n\t\t\t<div class=\"obfx-grid-footer\"><a href=\"https:\/\/nabu-kaiserstuhl.de\/index.php\/schwalbenplakette-john\/\" title=\"weiterlesen...\">weiterlesen...<\/a><\/div><\/div><\/article><\/div><div class=\"obfx-grid-wrapper\"><article class=\"obfx-grid-col\"><div class=\"obfx-grid-col-image\" style=\"align-self:center\"><a href=\"https:\/\/nabu-kaiserstuhl.de\/index.php\/elementor-1515\/\" title=\"24.10.2022 Familie Adler am Bahlinger Silberberg\"><img data-opt-id=308325566  fetchpriority=\"high\" decoding=\"async\" width=\"800\" height=\"658\" src=\"https:\/\/mlm4qj7rb3bu.i.optimole.com\/w:auto\/h:auto\/q:80\/f:best\/https:\/\/nabu-kaiserstuhl.de\/wp-content\/uploads\/2022\/11\/20221024_SfH_Bahlingen.webp\" class=\"img-responsive wp-post-image\" alt=\"20221024_SfH_Bahlingen\" srcset=\"https:\/\/mlm4qj7rb3bu.i.optimole.com\/w:800\/h:658\/q:80\/f:best\/https:\/\/nabu-kaiserstuhl.de\/wp-content\/uploads\/2022\/11\/20221024_SfH_Bahlingen.webp 800w, https:\/\/mlm4qj7rb3bu.i.optimole.com\/w:300\/h:247\/q:80\/f:best\/https:\/\/nabu-kaiserstuhl.de\/wp-content\/uploads\/2022\/11\/20221024_SfH_Bahlingen.webp 300w, https:\/\/mlm4qj7rb3bu.i.optimole.com\/w:768\/h:632\/q:80\/f:best\/https:\/\/nabu-kaiserstuhl.de\/wp-content\/uploads\/2022\/11\/20221024_SfH_Bahlingen.webp 768w, https:\/\/mlm4qj7rb3bu.i.optimole.com\/w:800\/h:658\/q:80\/f:best\/dpr:2\/https:\/\/nabu-kaiserstuhl.de\/wp-content\/uploads\/2022\/11\/20221024_SfH_Bahlingen.webp 2x\" sizes=\"(max-width: 800px) 100vw, 800px\" \/><\/a><\/div><div class=\"obfx-grid-col-content\">\t\t\t<h2 class=\"entry-title obfx-grid-title\">\n\t\t\t\t\t\t\t<a href=\"https:\/\/nabu-kaiserstuhl.de\/index.php\/elementor-1515\/\" title=\"24.10.2022 Familie Adler am Bahlinger Silberberg\">\n\t\t\t\t\t24.10.2022 Familie Adler am Bahlinger Silberberg\t\t\t\t<\/a>\n\t\t\t\t\t\t\t<\/h2>\n\t\t\t\t\t\t<div class=\"entry-content obfx-grid-content\">\n\t\t\t\tStall und Scheune der Familie Adler am Bahlinger Silberberg beherbergen zur Brutzeit verschiedenste Vogelarten. Allein 12 Nester von Rauchschwalben konnten gez\u00e4hlt werden. F\u00fcr dieses Engagement im Artenschutz \u00fcberreichte der NABU&hellip;&nbsp;Weiterlesen...24.10.2022&hellip;\t\t\t<\/div>\n\t\t\t<div class=\"obfx-grid-footer\"><a href=\"https:\/\/nabu-kaiserstuhl.de\/index.php\/elementor-1515\/\" title=\"weiterlesen...\">weiterlesen...<\/a><\/div><\/div><\/article><\/div><div class=\"obfx-grid-wrapper\"><article class=\"obfx-grid-col\"><div class=\"obfx-grid-col-image\" style=\"align-self:center\"><a href=\"https:\/\/nabu-kaiserstuhl.de\/index.php\/bz-11-08-2022-willi-karle-aus-ihringen\/\" title=\"BZ 11.08.2022 Willi Karle aus Ihringen\"><img data-opt-id=1175922165  data-opt-src=\"https:\/\/mlm4qj7rb3bu.i.optimole.com\/w:auto\/h:auto\/q:80\/f:best\/https:\/\/nabu-kaiserstuhl.de\/wp-content\/uploads\/2022\/11\/20220811_BZ_SfH_Ihringen.jpg\"  decoding=\"async\" width=\"1229\" height=\"720\" src=\"data:image/svg+xml,%3Csvg%20viewBox%3D%220%200%20100%%20100%%22%20width%3D%22100%%22%20height%3D%22100%%22%20xmlns%3D%22http%3A%2F%2Fwww.w3.org%2F2000%2Fsvg%22%3E%3Crect%20width%3D%22100%%22%20height%3D%22100%%22%20fill%3D%22transparent%22%2F%3E%3C%2Fsvg%3E\" class=\"img-responsive wp-post-image\" alt=\"20220811_BZ_SfH_Ihringen\" old-srcset=\"https:\/\/mlm4qj7rb3bu.i.optimole.com\/w:1229\/h:720\/q:80\/f:best\/https:\/\/nabu-kaiserstuhl.de\/wp-content\/uploads\/2022\/11\/20220811_BZ_SfH_Ihringen.jpg 1229w, https:\/\/mlm4qj7rb3bu.i.optimole.com\/w:300\/h:176\/q:80\/f:best\/https:\/\/nabu-kaiserstuhl.de\/wp-content\/uploads\/2022\/11\/20220811_BZ_SfH_Ihringen.jpg 300w, https:\/\/mlm4qj7rb3bu.i.optimole.com\/w:1024\/h:600\/q:80\/f:best\/https:\/\/nabu-kaiserstuhl.de\/wp-content\/uploads\/2022\/11\/20220811_BZ_SfH_Ihringen.jpg 1024w, https:\/\/mlm4qj7rb3bu.i.optimole.com\/w:768\/h:450\/q:80\/f:best\/https:\/\/nabu-kaiserstuhl.de\/wp-content\/uploads\/2022\/11\/20220811_BZ_SfH_Ihringen.jpg 768w, https:\/\/mlm4qj7rb3bu.i.optimole.com\/w:1229\/h:720\/q:80\/f:best\/dpr:2\/https:\/\/nabu-kaiserstuhl.de\/wp-content\/uploads\/2022\/11\/20220811_BZ_SfH_Ihringen.jpg 2x\" \/><\/a><\/div><div class=\"obfx-grid-col-content\">\t\t\t<h2 class=\"entry-title obfx-grid-title\">\n\t\t\t\t\t\t\t<a href=\"https:\/\/nabu-kaiserstuhl.de\/index.php\/bz-11-08-2022-willi-karle-aus-ihringen\/\" title=\"BZ 11.08.2022 Willi Karle aus Ihringen\">\n\t\t\t\t\tBZ 11.08.2022 Willi Karle aus Ihringen\t\t\t\t<\/a>\n\t\t\t\t\t\t\t<\/h2>\n\t\t\t\t\t\t<div class=\"entry-content obfx-grid-content\">\n\t\t\t\t(BZ). Am Haus und im Hof von Willi Karle in Ihringen finden Mehl- und Rauchschwalben zahlreiche Nistm\u00f6glichkeiten und werden gerne willkommen gehei\u00dfen. F\u00fcr seinen Beitrag zum Artenschutz \u00fcberreichte ihm der&hellip;&nbsp;Weiterlesen...BZ&hellip;\t\t\t<\/div>\n\t\t\t<div class=\"obfx-grid-footer\"><a href=\"https:\/\/nabu-kaiserstuhl.de\/index.php\/bz-11-08-2022-willi-karle-aus-ihringen\/\" title=\"weiterlesen...\">weiterlesen...<\/a><\/div><\/div><\/article><\/div><div class=\"obfx-grid-wrapper\"><article class=\"obfx-grid-col\"><div class=\"obfx-grid-col-image\" style=\"align-self:center\"><a href=\"https:\/\/nabu-kaiserstuhl.de\/index.php\/14-04-2022-ingo-mueller-aus-eichstetten\/\" title=\"14.04.2022 Ingo M\u00fcller aus Eichstetten\"><img data-opt-id=1214129149  data-opt-src=\"https:\/\/mlm4qj7rb3bu.i.optimole.com\/w:auto\/h:auto\/q:80\/f:best\/https:\/\/nabu-kaiserstuhl.de\/wp-content\/uploads\/2022\/11\/20220414_SfH_Ingo_Mueller-1-e1669053214335.webp\"  loading=\"lazy\" decoding=\"async\" width=\"467\" height=\"466\" src=\"data:image/svg+xml,%3Csvg%20viewBox%3D%220%200%20100%%20100%%22%20width%3D%22100%%22%20height%3D%22100%%22%20xmlns%3D%22http%3A%2F%2Fwww.w3.org%2F2000%2Fsvg%22%3E%3Crect%20width%3D%22100%%22%20height%3D%22100%%22%20fill%3D%22transparent%22%2F%3E%3C%2Fsvg%3E\" class=\"img-responsive wp-post-image\" alt=\"20220414_2_SfH_Ingo_Mueller\" old-srcset=\"https:\/\/mlm4qj7rb3bu.i.optimole.com\/w:467\/h:466\/q:80\/f:best\/https:\/\/nabu-kaiserstuhl.de\/wp-content\/uploads\/2022\/11\/20220414_SfH_Ingo_Mueller-1-e1669053214335.webp 467w, https:\/\/mlm4qj7rb3bu.i.optimole.com\/w:300\/h:300\/q:80\/f:best\/https:\/\/nabu-kaiserstuhl.de\/wp-content\/uploads\/2022\/11\/20220414_SfH_Ingo_Mueller-1-e1669053214335.webp 300w, https:\/\/mlm4qj7rb3bu.i.optimole.com\/w:150\/h:150\/q:80\/f:best\/https:\/\/nabu-kaiserstuhl.de\/wp-content\/uploads\/2022\/11\/20220414_SfH_Ingo_Mueller-1-e1669053214335.webp 150w, https:\/\/mlm4qj7rb3bu.i.optimole.com\/w:467\/h:466\/q:80\/f:best\/dpr:2\/https:\/\/nabu-kaiserstuhl.de\/wp-content\/uploads\/2022\/11\/20220414_SfH_Ingo_Mueller-1-e1669053214335.webp 2x\" \/><\/a><\/div><div class=\"obfx-grid-col-content\">\t\t\t<h2 class=\"entry-title obfx-grid-title\">\n\t\t\t\t\t\t\t<a href=\"https:\/\/nabu-kaiserstuhl.de\/index.php\/14-04-2022-ingo-mueller-aus-eichstetten\/\" title=\"14.04.2022 Ingo M\u00fcller aus Eichstetten\">\n\t\t\t\t\t14.04.2022 Ingo M\u00fcller aus Eichstetten\t\t\t\t<\/a>\n\t\t\t\t\t\t\t<\/h2>\n\t\t\t\t\t\t<div class=\"entry-content obfx-grid-content\">\n\t\t\t\tRauch- und Mehlschwalben finden gleicherma\u00dfen in Hof und Schopf von Ingo M\u00fcller in Eichstetten gute Brutm\u00f6glichkeiten. F\u00fcr dieses Engagement im Artenschutz \u00fcberreichte der NABU (Naturschutzbund) Ortsgruppe Kaiserstuhl eine Urkunde und&hellip;&nbsp;Weiterlesen...14.04.2022&hellip;\t\t\t<\/div>\n\t\t\t<div class=\"obfx-grid-footer\"><a href=\"https:\/\/nabu-kaiserstuhl.de\/index.php\/14-04-2022-ingo-mueller-aus-eichstetten\/\" title=\"weiterlesen...\">weiterlesen...<\/a><\/div><\/div><\/article><\/div><div class=\"obfx-grid-wrapper\"><article class=\"obfx-grid-col\"><div class=\"obfx-grid-col-image\" style=\"align-self:center\"><a href=\"https:\/\/nabu-kaiserstuhl.de\/index.php\/schwalbenfreundliches-haus-2021\/\" title=\"Schwalbenfreundliches Haus 2021\"><img data-opt-id=1838652117  data-opt-src=\"https:\/\/mlm4qj7rb3bu.i.optimole.com\/w:auto\/h:auto\/q:80\/f:best\/https:\/\/nabu-kaiserstuhl.de\/wp-content\/uploads\/2021\/11\/20211020_SfH_-Anna-Maria_Schmidt_hp.jpg\"  loading=\"lazy\" decoding=\"async\" width=\"480\" height=\"445\" src=\"data:image/svg+xml,%3Csvg%20viewBox%3D%220%200%20100%%20100%%22%20width%3D%22100%%22%20height%3D%22100%%22%20xmlns%3D%22http%3A%2F%2Fwww.w3.org%2F2000%2Fsvg%22%3E%3Crect%20width%3D%22100%%22%20height%3D%22100%%22%20fill%3D%22transparent%22%2F%3E%3C%2Fsvg%3E\" class=\"img-responsive wp-post-image\" alt=\"20211020_SfH_ Anna-Maria_Schmidt_hp.jpg\" old-srcset=\"https:\/\/mlm4qj7rb3bu.i.optimole.com\/w:480\/h:445\/q:80\/f:best\/https:\/\/nabu-kaiserstuhl.de\/wp-content\/uploads\/2021\/11\/20211020_SfH_-Anna-Maria_Schmidt_hp.jpg 480w, https:\/\/mlm4qj7rb3bu.i.optimole.com\/w:300\/h:278\/q:80\/f:best\/https:\/\/nabu-kaiserstuhl.de\/wp-content\/uploads\/2021\/11\/20211020_SfH_-Anna-Maria_Schmidt_hp.jpg 300w, https:\/\/mlm4qj7rb3bu.i.optimole.com\/w:480\/h:445\/q:80\/f:best\/dpr:2\/https:\/\/nabu-kaiserstuhl.de\/wp-content\/uploads\/2021\/11\/20211020_SfH_-Anna-Maria_Schmidt_hp.jpg 2x\" \/><\/a><\/div><div class=\"obfx-grid-col-content\">\t\t\t<h2 class=\"entry-title obfx-grid-title\">\n\t\t\t\t\t\t\t<a href=\"https:\/\/nabu-kaiserstuhl.de\/index.php\/schwalbenfreundliches-haus-2021\/\" title=\"Schwalbenfreundliches Haus 2021\">\n\t\t\t\t\tSchwalbenfreundliches Haus 2021\t\t\t\t<\/a>\n\t\t\t\t\t\t\t<\/h2>\n\t\t\t\t\t\t<div class=\"entry-content obfx-grid-content\">\n\t\t\t\tSchwalben eine Heimat geben, NABU-Plakette Schwalbenfreundliches Haus &nbsp; Anna-Maria Schmidt aus Eichstetten &nbsp; In ihrer Hofanlage in Eichstetten k\u00fcmmert sich Anna-Maria Schmidt um den Erhalt der Brutpl\u00e4tze von Rauch- und&hellip;&nbsp;Weiterlesen...Schwalbenfreundliches&hellip;\t\t\t<\/div>\n\t\t\t<div class=\"obfx-grid-footer\"><a href=\"https:\/\/nabu-kaiserstuhl.de\/index.php\/schwalbenfreundliches-haus-2021\/\" title=\"weiterlesen...\">weiterlesen...<\/a><\/div><\/div><\/article><\/div><div class=\"obfx-grid-wrapper\"><article class=\"obfx-grid-col obfx-no-image\"><div class=\"obfx-grid-col-content\">\t\t\t<h2 class=\"entry-title obfx-grid-title\">\n\t\t\t\t\t\t\t<a href=\"https:\/\/nabu-kaiserstuhl.de\/index.php\/hoftor-auf-fuer-schwalben\/\" title=\"Hoftor auf f\u00fcr Schwalben!\">\n\t\t\t\t\tHoftor auf f\u00fcr Schwalben!\t\t\t\t<\/a>\n\t\t\t\t\t\t\t<\/h2>\n\t\t\t\t\t\t<div class=\"entry-content obfx-grid-content\">\n\t\t\t\tNABU und die Bauernverb\u00e4nde in Baden-W\u00fcrttemberg machen sich stark f\u00fcr die Gl\u00fccksboten in der Landwirtschaft Mit einem Infoflyer werben die drei Verb\u00e4nde gemeinsam daf\u00fcr, den Tieren Nistm\u00f6glichkeiten zu bieten. Der&hellip;&nbsp;Weiterlesen...Hoftor&hellip;\t\t\t<\/div>\n\t\t\t<div class=\"obfx-grid-footer\"><a href=\"https:\/\/nabu-kaiserstuhl.de\/index.php\/hoftor-auf-fuer-schwalben\/\" title=\"weiterlesen...\">weiterlesen...<\/a><\/div><\/div><\/article><\/div><div class=\"obfx-grid-wrapper\"><article class=\"obfx-grid-col\"><div class=\"obfx-grid-col-image\" style=\"align-self:center\"><a href=\"https:\/\/nabu-kaiserstuhl.de\/index.php\/schwalbenfreundliches-haus-2020\/\" title=\"Schwalbenfreundliches Haus 2020\"><img data-opt-id=1766387603  data-opt-src=\"https:\/\/mlm4qj7rb3bu.i.optimole.com\/w:auto\/h:auto\/q:80\/f:best\/https:\/\/nabu-kaiserstuhl.de\/wp-content\/uploads\/2019\/12\/20200531_SfH_Gustav_Enderlin1_HP.jpg\"  loading=\"lazy\" decoding=\"async\" width=\"280\" height=\"187\" src=\"data:image/svg+xml,%3Csvg%20viewBox%3D%220%200%20100%%20100%%22%20width%3D%22100%%22%20height%3D%22100%%22%20xmlns%3D%22http%3A%2F%2Fwww.w3.org%2F2000%2Fsvg%22%3E%3Crect%20width%3D%22100%%22%20height%3D%22100%%22%20fill%3D%22transparent%22%2F%3E%3C%2Fsvg%3E\" class=\"img-responsive wp-post-image\" alt=\"20200531_SfH_Gustav_Enderlin1_HP\" old-srcset=\"https:\/\/mlm4qj7rb3bu.i.optimole.com\/w:280\/h:187\/q:80\/f:best\/https:\/\/nabu-kaiserstuhl.de\/wp-content\/uploads\/2019\/12\/20200531_SfH_Gustav_Enderlin1_HP.jpg 280w, https:\/\/mlm4qj7rb3bu.i.optimole.com\/w:280\/h:187\/q:80\/f:best\/dpr:2\/https:\/\/nabu-kaiserstuhl.de\/wp-content\/uploads\/2019\/12\/20200531_SfH_Gustav_Enderlin1_HP.jpg 2x\" \/><\/a><\/div><div class=\"obfx-grid-col-content\">\t\t\t<h2 class=\"entry-title obfx-grid-title\">\n\t\t\t\t\t\t\t<a href=\"https:\/\/nabu-kaiserstuhl.de\/index.php\/schwalbenfreundliches-haus-2020\/\" title=\"Schwalbenfreundliches Haus 2020\">\n\t\t\t\t\tSchwalbenfreundliches Haus 2020\t\t\t\t<\/a>\n\t\t\t\t\t\t\t<\/h2>\n\t\t\t\t\t\t<div class=\"entry-content obfx-grid-content\">\n\t\t\t\tSchwalben eine Heimat geben, NABU-Plakette Schwalbenfreundliches Haus Gustav Enderlin in Eichstetten In Eichstetten geht es in der Hofeinfahrt bei Gustav Enderlin lebhaft her: Sechs Mehlschwalbennester sind belegt, und die Jungen&hellip;&nbsp;Weiterlesen...Schwalbenfreundliches&hellip;\t\t\t<\/div>\n\t\t\t<div class=\"obfx-grid-footer\"><a href=\"https:\/\/nabu-kaiserstuhl.de\/index.php\/schwalbenfreundliches-haus-2020\/\" title=\"weiterlesen...\">weiterlesen...<\/a><\/div><\/div><\/article><\/div><div class=\"obfx-grid-wrapper\"><article class=\"obfx-grid-col obfx-no-image\"><div class=\"obfx-grid-col-content\">\t\t\t<h2 class=\"entry-title obfx-grid-title\">\n\t\t\t\t\t\t\t<a href=\"https:\/\/nabu-kaiserstuhl.de\/index.php\/schwalbenfreundliches-haus-2019\/\" title=\"Schwalbenfreundliches Haus 2019\">\n\t\t\t\t\tSchwalbenfreundliches Haus 2019\t\t\t\t<\/a>\n\t\t\t\t\t\t\t<\/h2>\n\t\t\t\t\t\t<div class=\"entry-content obfx-grid-content\">\n\t\t\t\tSchwalben eine Heimat geben, NABU-Plakette Schwalbenfreundliches Haus FA EAL in Achkarren Mitten im Industriegebiet Vogtsburg-Achkarren lebt eine gro\u00dfe Rauchschwalben-Kolonie!In zwei Hallen auf dem Betriebsgel\u00e4nde der Firma EAL, der Erdbau, Abbruch&hellip;&nbsp;Weiterlesen...Schwalbenfreundliches&hellip;\t\t\t<\/div>\n\t\t\t<div class=\"obfx-grid-footer\"><a href=\"https:\/\/nabu-kaiserstuhl.de\/index.php\/schwalbenfreundliches-haus-2019\/\" title=\"weiterlesen...\">weiterlesen...<\/a><\/div><\/div><\/article><\/div><div class=\"obfx-grid-wrapper\"><article class=\"obfx-grid-col obfx-no-image\"><div class=\"obfx-grid-col-content\">\t\t\t<h2 class=\"entry-title obfx-grid-title\">\n\t\t\t\t\t\t\t<a href=\"https:\/\/nabu-kaiserstuhl.de\/index.php\/schwalbenfreundliches-haus-2018\/\" title=\"Schwalbenfreundliches Haus 2018\">\n\t\t\t\t\tSchwalbenfreundliches Haus 2018\t\t\t\t<\/a>\n\t\t\t\t\t\t\t<\/h2>\n\t\t\t\t\t\t<div class=\"entry-content obfx-grid-content\">\n\t\t\t\tSchwalben eine Heimat geben, NABU-Plakette Schwalbenfreundliches Haus Bruno Glockner in Breisach-G\u00fcndlingen An seinem Haus in Breisach-G\u00fcndlingen beherbergt und betreut Bruno Glockner seit vielen Jahren Mehlschwalben \u2013 daf\u00fcr gab es nun&hellip;&nbsp;Weiterlesen...Schwalbenfreundliches&hellip;\t\t\t<\/div>\n\t\t\t<div class=\"obfx-grid-footer\"><a href=\"https:\/\/nabu-kaiserstuhl.de\/index.php\/schwalbenfreundliches-haus-2018\/\" title=\"weiterlesen...\">weiterlesen...<\/a><\/div><\/div><\/article><\/div><div class=\"obfx-grid-wrapper\"><article class=\"obfx-grid-col obfx-no-image\"><div class=\"obfx-grid-col-content\">\t\t\t<h2 class=\"entry-title obfx-grid-title\">\n\t\t\t\t\t\t\t<a href=\"https:\/\/nabu-kaiserstuhl.de\/index.php\/schwalbenfreundliches-haus-2017\/\" title=\"Schwalbenfreundliches Haus 2017\">\n\t\t\t\t\tSchwalbenfreundliches Haus 2017\t\t\t\t<\/a>\n\t\t\t\t\t\t\t<\/h2>\n\t\t\t\t\t\t<div class=\"entry-content obfx-grid-content\">\n\t\t\t\tSchwalben eine Heimat geben, NABU-Plakette Schwalbenfreundliches Haus Familie Gibson in Ihringen In der Toreinfahrt des Hauses von Elfriede und Erwin Gibson in Ihringen gibt es 4 j\u00e4hrlich belegte Rauchschwalbennester \u2013&hellip;&nbsp;Weiterlesen...Schwalbenfreundliches&hellip;\t\t\t<\/div>\n\t\t\t<div class=\"obfx-grid-footer\"><a href=\"https:\/\/nabu-kaiserstuhl.de\/index.php\/schwalbenfreundliches-haus-2017\/\" title=\"weiterlesen...\">weiterlesen...<\/a><\/div><\/div><\/article><\/div><div class=\"obfx-grid-wrapper\"><article class=\"obfx-grid-col\"><div class=\"obfx-grid-col-image\" style=\"align-self:center\"><a href=\"https:\/\/nabu-kaiserstuhl.de\/index.php\/schwalbenfreundliches-haus-2012\/\" title=\"Schwalbenfreundliches Haus 2012\"><img data-opt-id=271113988  data-opt-src=\"https:\/\/mlm4qj7rb3bu.i.optimole.com\/w:auto\/h:auto\/q:80\/f:best\/https:\/\/nabu-kaiserstuhl.de\/wp-content\/uploads\/2011\/12\/Hausbesitzerin.jpg\"  loading=\"lazy\" decoding=\"async\" width=\"245\" height=\"185\" src=\"data:image/svg+xml,%3Csvg%20viewBox%3D%220%200%20100%%20100%%22%20width%3D%22100%%22%20height%3D%22100%%22%20xmlns%3D%22http%3A%2F%2Fwww.w3.org%2F2000%2Fsvg%22%3E%3Crect%20width%3D%22100%%22%20height%3D%22100%%22%20fill%3D%22transparent%22%2F%3E%3C%2Fsvg%3E\" class=\"img-responsive wp-post-image\" alt=\"Hausbesitzerin\" old-srcset=\"https:\/\/mlm4qj7rb3bu.i.optimole.com\/w:245\/h:185\/q:80\/f:best\/https:\/\/nabu-kaiserstuhl.de\/wp-content\/uploads\/2011\/12\/Hausbesitzerin.jpg 245w, https:\/\/mlm4qj7rb3bu.i.optimole.com\/w:245\/h:185\/q:80\/f:best\/dpr:2\/https:\/\/nabu-kaiserstuhl.de\/wp-content\/uploads\/2011\/12\/Hausbesitzerin.jpg 2x\" \/><\/a><\/div><div class=\"obfx-grid-col-content\">\t\t\t<h2 class=\"entry-title obfx-grid-title\">\n\t\t\t\t\t\t\t<a href=\"https:\/\/nabu-kaiserstuhl.de\/index.php\/schwalbenfreundliches-haus-2012\/\" title=\"Schwalbenfreundliches Haus 2012\">\n\t\t\t\t\tSchwalbenfreundliches Haus 2012\t\t\t\t<\/a>\n\t\t\t\t\t\t\t<\/h2>\n\t\t\t\t\t\t<div class=\"entry-content obfx-grid-content\">\n\t\t\t\tB. Mutke und E. Mayer mit HausbesitzerinE. Hinterseh &nbsp; &nbsp;15 von 30 Nestern besetzt &nbsp; 30 von 50 Nestern sind besetzt\t\t\t<\/div>\n\t\t\t<div class=\"obfx-grid-footer\"><a href=\"https:\/\/nabu-kaiserstuhl.de\/index.php\/schwalbenfreundliches-haus-2012\/\" title=\"weiterlesen...\">weiterlesen...<\/a><\/div><\/div><\/article><\/div><\/div><!-- .obfx-grid-container --><\/div><!-- .obfx-grid -->\t\t\t\t<\/div>\n\t\t\t\t<\/div>\n\t\t\t\t\t<\/div>\n\t\t<\/div>\n\t\t\t\t\t<\/div>\n\t\t<\/section>\n\t\t\t\t<\/div>\n\t\t","protected":false},"excerpt":{"rendered":"<p>Schwalbenplakette f\u00fcr Silke Magiera Am Rande eines Neubaugebietes der 2010er Jahre haben Mehlschwalben ein neues Zuhause bei der Familie von Silke Magiera in B\u00f6tzingen gefunden. weiterlesen&#8230; Schwalbenplakette f\u00fcr Familie John&hellip;&nbsp;<a href=\"https:\/\/nabu-kaiserstuhl.de\/index.php\/schwalbenfreundliches-haus-2012\/\" rel=\"bookmark\">Weiterlesen&#8230;<span class=\"screen-reader-text\">Schwalbenfreundliches Haus 2012<\/span><\/a><\/p>\n","protected":false},"author":2,"featured_media":0,"parent":164,"menu_order":0,"comment_status":"closed","ping_status":"closed","template":"","meta":{"neve_meta_sidebar":"","neve_meta_container":"","neve_meta_enable_content_width":"","neve_meta_content_width":0,"neve_meta_title_alignment":"","neve_meta_author_avatar":"","neve_post_elements_order":"","neve_meta_disable_header":"","neve_meta_disable_footer":"","neve_meta_disable_title":"","neve_meta_reading_time":"","_themeisle_gutenberg_block_has_review":false,"footnotes":""},"class_list":["post-1521","page","type-page","status-publish","hentry"],"publishpress_future_action":{"enabled":false,"date":"2026-04-22 21:41:34","action":"change-status","newStatus":"draft","terms":[],"taxonomy":"","extraData":[]},"publishpress_future_workflow_manual_trigger":{"enabledWorkflows":[]},"_links":{"self":[{"href":"https:\/\/nabu-kaiserstuhl.de\/index.php\/wp-json\/wp\/v2\/pages\/1521","targetHints":{"allow":["GET"]}}],"collection":[{"href":"https:\/\/nabu-kaiserstuhl.de\/index.php\/wp-json\/wp\/v2\/pages"}],"about":[{"href":"https:\/\/nabu-kaiserstuhl.de\/index.php\/wp-json\/wp\/v2\/types\/page"}],"author":[{"embeddable":true,"href":"https:\/\/nabu-kaiserstuhl.de\/index.php\/wp-json\/wp\/v2\/users\/2"}],"replies":[{"embeddable":true,"href":"https:\/\/nabu-kaiserstuhl.de\/index.php\/wp-json\/wp\/v2\/comments?post=1521"}],"version-history":[{"count":2,"href":"https:\/\/nabu-kaiserstuhl.de\/index.php\/wp-json\/wp\/v2\/pages\/1521\/revisions"}],"predecessor-version":[{"id":3068,"href":"https:\/\/nabu-kaiserstuhl.de\/index.php\/wp-json\/wp\/v2\/pages\/1521\/revisions\/3068"}],"up":[{"embeddable":true,"href":"https:\/\/nabu-kaiserstuhl.de\/index.php\/wp-json\/wp\/v2\/pages\/164"}],"wp:attachment":[{"href":"https:\/\/nabu-kaiserstuhl.de\/index.php\/wp-json\/wp\/v2\/media?parent=1521"}],"curies":[{"name":"wp","href":"https:\/\/api.w.org\/{rel}","templated":true}]}}